42))?
-7
Calculate (-1 - -1) + -2 + (-15 - -19) + -16.
-14
What is 15 + (-11 - (16 - 21)) - 15?
-6
Evaluate (0 - -7) + (-26 - (-26 - -13)).
-6
(10 - 1) + -10 + 26 + -13
12
8 - 1 - ((-230 - -236) + 2 + -29)
28
Calculate (-9 + (3 - -5) - -9) + -21 + 1.
-12
What is the value of -6 + (-9 - -9) + -3?
-9
17 - -1 - (-186 + 234)
-30
(8 - (-7 + 13)) + 0 + 2 + -13
-9
Calculate -4 + 33 - 52 - -24.
1
Evaluate -34 - (0 - (13 + -2)).
-23
Evaluate 6 + (1 - -3 - 18 - (-4 + 7)).
-11
What is the value of 4 + 5 - ((-2 - -24) + -5)?
-8
Evaluate 10 + -3 + -14 - 0.
-7
Calculate 1 + 15 + (4 + 0 - (7 - -1)).
12
Evaluate 8 + -15 + 17 + -13.
-3
What is the value of (6 + -12 - -12 - 20) + 38?
24
What is the value of -42 + -9 + 42 - 10?
-19
What is (-10 - -31) + (-5 - -7) + -1 + -5?
17
0 + (10 - 16) + (7 - 2)
-1
Calculate 2 + -7 + 0 + 8 + -6 + 1.
-2
2 + -1 - (4 - (-20 - -21))
-2
What is 40 + -54 + (23 - -2)?
11
(12 - (-10 - -5) - (6 - 0)) + 0
11
Evaluate -9 - (-8 + -5 + (25 - -3)).
-24
What is -6 - (0 + (1 - -3))?
-10
What is -2 - ((12 - (-2 + 8) - 15) + 4)?
3
Calculate 3 - 21 - (-51 - -18).
15
15 - 40 - -28 - (0 - 9)
12
Evaluate -1 - (-8 - -4 - (-11 + 11) - -1).
2
-3 + (5 - 5) - (12 - 11 - -1)
-5
What is the value of -4 - (-7 + (2 - (-4 + -1)))?
-4
-15 + -16 - -3 - -18
-10
19 - (-5 + 26) - (2 - 16 - 0)
12
Evaluate -26 - (10 - 37) - 1.
0
69 + -35 + -31 - 15
-12
Evaluate 27 + -43 + -12 + 46.
18
What is -26 + (-6 - (-18 - (-11 + -9 + 14)))?
-20
Evaluate 31 + -1 - (2 + (4 - (5 + -4))).
25
Calculate 4 + (-50 + 15 - -16).
-15
What is the value of 7 + 3 + -4 + -1 - (1 - -20)?
-16
What is -5 - ((-17 + 16 - (-8 + -2)) + -10)?
-4
Calculate -11 + -7 + 46 - 30.
-2
Calculate -744 + 734 - (0 - 15).
5
What is -46 + 54 - (-1 + 2)?
7
18 + -13 + -4 - (-2 - 1)
4
What is (18 - -6) + (9 - 3) + -10?
20
Calculate -1 + -12 + 4 + 21 + -29.
-17
Calculate -1 - ((-11 + 31 - (0 + -3)) + -5).
-19
What is the value of (9 - 8) + -8 + 25 + -8 + 5?
15
What is the value of 10 - (55 - 1 - (302 - 294))?
-36
(-9 - (-1 - 11) - 40) + 13
-24
Calculate 1 + 13 + 4 + -16.
2
What is the value of (-18 - -3 - -15) + 6 + (-1 - -4)?
9
What is the value of (-8 + -5 - -7) + 3 + -1 + -5?
-9
Evaluate 18 + -4 - (7 - (2 - (3 - 9))).
15
(-10 + 0 - (-2 - 1)) + -229 + 240
4
What is the value of -9 - (-3 - -2 - 6) - 1?
-3
What is 4 + -15 + (17 - -5) + -3?
8
Evaluate -9 - (-7 + -3) - 13.
-12
(-34 - -35) + 12 + -2 + 0
11
(-27 - -17 - 18) + 13 + -20
-35
What is the value of -5 + 7 + 4 + -66 + 68?
8
What is the value of 7 - (3 + 8) - 6?
-10
What is the value of 10 + -10 + -29 + 50 + (-1 - 6)?
14
What is 2 + (5 - 5 - (12 - 12) - -8)?
10
What is the value of 0 + -8 + 27 + -24 + 10 + -1?
4
-14 + 20 + 12 - (-1 - (1 - 0))
20
(-2 + 8 - (-3 + 1)) + 287 + -296
-1
What is the value of -8 + -1 + -2 + 53 + -31?
11
What is the value of -15 - (8 + (-1 - 15) + 13)?
-20
What is the value of -1 + (-2 - -2 - -1) + (12 - 17)?
-5
(-10 - -3) + 4 + -3 - (-15 + 17)
-8
What is the value of -4 + 3 + -3 + 7 + -3 - 8?
-8
What is 2 + -50 + 48 + -37?
-37
What is 38 + -37 + (1 + 7 - 6 - 40)?
-37
What is 14 + -20 + (12 - -6)?
12
What is 30 + (-9 - 8 - (15 - 30))?
28
Calculate 0 + 0 - (-32 + 16 + 10 + 2).
4
Evaluate 40 + -66 + -7 + 18.
-15
(244 - 261) + (11 - 4)
-10
Calculate 1 - -13 - (-375 - -379).
10
What is the value of 0 - -1 - (-9 - (-24 + -6 + 8))?
-12
What is 47 + (10 - (23 - 4))?
38
16 - (10 + 20 - 10) - (-2 + 11)
-13
Evaluate 1 - -3 - (-31 + -14 + 33).
16
Evaluate -22 + (-69 - -9) + 47.
-35
What is -11 + -2 + (-2 + -3 - -5) + -8?
-21
Evaluate -2 + 12 - (267 + -256) - 36.
-37
What is the value of 1 - ((11 - -1) + -8 + 5 + -14)?
6
What is the value of 4 + -13 + 10 + 13 + -5?
9
Calculate 6 + (4 - -4) + -21 - -21.
14
What is (-19 - -3) + (291 - 282)?
-7
What is -10 - (4 - (8 - 6))?
-12
What is 30 - (2 - 3) - (6 + (-8 - -11))?
22
What is (-1 - (0 - 11)) + (131 - 126)?
15
(29 - 67) + 24 + (0 - (-2 - -8))
-20
Evaluate (53 - 52) + (-4 - -3 - (5 - 0)).
-5
Evaluate (9 - (38 + 0)) + -2 + 8.
-23
24 + (1 - 5 - 13)
7
What is the value of 9 - ((23 - 11) + 20)?
-23
What is the value of (-64 - -67) + (-1 - -8) + -1 + 0?
9
Evaluate (11 - 3) + -4 + (24 - 39).
-11
Calculate (-7 - -8) + (-5 - 1 - -22) + -5.
12
-23 + -23 + 23 + -5
-28
-2 - 3 - ((-3 - 6) + 8 + -1)
-3
What is 24 + -20 - ((0 - 6) + 1) - -3?
12
Calculate -5 + -10 + -7 + 5 + 4.
-13
What is 34 + -55 + 14 - -30?
23
What is the value of -11 + 0 + 5 - (-7 + 21)?
-20
Evaluate 1 + 0 - (-64 + (31 - -39)).
-5
What is 4 - 3 - (-10 + 11)?
0
What is the value of -3 - ((0 - -6) + -47 + 27)?
11
0 + 2 + -4 + 5 - (-75 - -89)
-11
Evaluate -2 + (34 - (-5 - 0)) + (26 - 33).
30
Calculate (-2 - (14 + (-7 - 2))) + (-1 - 3).
-11
Evaluate 2 + -34 + 5 + -2 + 4 + 7.
-18
What is the value of (0 - 5) + -6 - -23?
12
Calculate (2 + 14 - 9) + 3.
10
Evaluate -1 - ((-27 - 1) + 11).
16
Calculate 19 + 1 - (-1064 - -1082).
2
What is 2 - (4 + -2 + 1 + 2)?
-3
(18 - 27) + 16 + (3 - 3 - 3)
4
7 + (14 + -11 - 7 - -2) + 9
14
Evaluate 8 - (-10 + -2 + -8 + 8 - 0).
20
What is the value of 1 - (-7 - (28 + -20))?
16
Evaluate -11 + (37 - -4) + -26.
4
What is the value of (1 - 2) + 1 + (-5 - -5)?
0
Calculate 1 + -15 + 37 - 5.
18
Calculate (-5 - -9) + -23 + 25.
6
1 + 163 + -160 + -3 + 1
2
Evaluate 1 + -8 - -3 - (-12 + 4 + -8).
12
1 - -2 - 1 - (-107 - -100)
9
(-5 - -3) + 1 + 4 - 5
-2
-3 + 4 + 3 + 9
13
What is 10 - (12 - (-8 + 3))?
-7
Calculate -3 + 0 + 11 + -7 + -5 + 7.
3
What is the value of 4 + -5 - -9 - -1 - -22 - 3?
28
Evaluate (14 - 7) + (27 - 48).
-14
Calculate 14 + -28 + (0 - (-1 - 3)).
-10
What is 13 + (-1 - 4 - -13) + 0 + -14?
7
What is the value of -2 + -8 + (-72 - -67)?
-15
(5 - 4) + (-1 - 4)
-4
157 + -156 - (-10 + 10 - (1 + -5))
-3
What is -2 + (-2 - 1) - (20 - (57 + -19))?
13
What is (0 - (-1 - (8 + 1))) + -3?
7
What is (-2 - (-12 - 3)) + (303 - 321)?
-5
Calculate 1 + -4 + 26 + -19 + (-6 - -12).
10
Evaluate 8 - (36 - 2 - (51 + -43)).
-18
Evaluate -22 + 52 - (-7 + 8 + -1).
30
What is -3 + (-4 - (3 - 4) - (-1 + -5))?
0
Evaluate 1 + 2 + (7 + 1 - (48 - 53)).
16
What is the value of -13 - (5 - (-5 - -29 - 9))?
-3
What is 4 + (2 - (8 - (9 + -3) - 1))?
5
What is the value of (-4 - 0 - 3) + (13 - 6) - -26?
26
Evaluate (-3 - 3 - 18) + -5 + -7 + 17.
-19
What is the value of -28 + 5 - (-35 + 27)?
-15
What is 6 + (1 - 26 - ((16 - 19) + -4))?
-12
Calculate -6 + 6 + -8 + 14 + -10.
-4
Calculate 7 + 24 + -38 + 24.
17
Evaluate -21 + -4 - -26 - (-1 - -2).
0
What is the value of 11 + (8 - (-5 + 13) - -2)?
13
What is -37 + 29 + 5 - (7 - (1 + 1))?
-8
(84 - 95) + (6 - 0 - (-3 + 8))
-10
Calculate 7 - 5 - (2 + -2) - 6.
-4
Calculate 3 + -8 + 14 + -16.
-7
What is the value of -6 - (-17 - (5 + -3 - 0 - 9))?
4
What is the value of -30 - -34 - (3 - (1 - -15)) - 4?
13
12 - (0 + 1) - (386 - 391)
16
What is the value of (26 - (19 + -8)) + -9 + -34?
-28
0 + -5 + (5 - 3) + 18
15
What is the value of -26 - ((-5 - (3 - 13) - -5) + -9)?
-27
Calculate (-49 - -28 - -22) + -1.
0
Calculate (65 - 47 - 40) + 0 + -2.
-24
-15 - (5 + -8 + (-5 - 3) + 12)
-16
What is the value of (-22 - -18) + (0 - (0 + -4 + -11))?
11
What is the value of -3 + 6 + -2 + 0 + 60 + -52?
9
Evaluate (-36 - (-23 + 5 + 6)) + 10.
-14
Evaluate -13 + 8 + 5 - (0 - 1) - 14.
-13
Calculate (1 + -10 - -6) + -8.
-11
What is 761 - 731 - (0 + 17)?
13
Evaluate -2 + 3 + 9 + (-5 - -2).
7
What is the value of 8 + (-8 - -11 - (16 - 3)) - -17?
15
Evaluate (-15 - -23) + -6 - (-11 + 1).
12
What is the value of -5 - (-12 + 11 + 3 + 1)?
-8
Evaluate 809 + -809 - (24 + -2 - 2).
-20
What is the value of (7 - (-1 - 4)) + -2 + (-3 - 2)?
5
What is the value of 3 - ((0 - -8) + -24 + 13) - 11?
-5
What is -14 + 2 + -2 + -6 + 0 + 5?
-15
-2 + -4 - (5 - (9 + -6) - 8)
0
What is (6 - (0 - -4)) + (3 - 20)?
-15
Evaluate (-12 - -24) + (-6 - (-10 + 3)).
13
What is the value of (-20 + -1 - -4) + 17 - -26?
26
Calculate 1 + (59 + -50 - (7 + (-4 - -3))).
4
Evaluate -3 + 18 - (-3 + (19 - 8)).
7
What is (-1 - (-1 + (-7 - -6))) + -1 + -1?
-1
-12 + -2 - 6 - -39
19
What is -4 - (12 - 6 - 19 - 8)?
17
What is (-65 - -88) + -5 + -12?
6
-12 + -15 + 16 + 6
-5
What is the value of (-222 - -217) + 1 + 16?
12
Calculate -6 - (-6 - (-15 + 39)).
24
What is 2 - (3 + -3) - (-12 + -11) - 7?
18
What is 9 + 14 - (25 - 28)?
26
Calculate -5 - (-6 + 0) - (-14 + 13).
2
What is -43 -